/(12/(-32)).
2, 3
Let u(i) = -91*i - 86. List the prime factors of u(-2).
2, 3
Let n(x) = x**3 + 7*x**2 - 2*x - 5. Let s be n(-7). Let v = s + -6. Suppose 5*z + 67 = v*g, 0*g - 80 = -4*g + 2*z. What are the prime factors of g?
19
Let h = -58 - -63. Suppose -h = -76*p + 75*p. List the prime factors of p.
5
Let r(f) = -14*f - 69. What are the prime factors of r(-8)?
43
Let g(f) = 113*f**3 - 2*f - 116*f**3 + 3*f**2 - 2*f**2. What are the prime factors of g(-2)?
2
Suppose 0 = 3*a - 12 - 3. Suppose -a*y + 7 = -3. Suppose 0 = -y*v - 3*v + 115. List the prime factors of v.
23
Let g(l) = 4*l**2 + 4*l - 6. Let r be g(-3). What are the prime factors of (-2)/(-3) + 456/r?
2, 13
Let s = 17 + 17. Suppose -10 + s = m. Suppose -3*t = t - m. List the prime factors of t.
2, 3
Let n be (0 + (-4)/6)*(-3699)/18. Let h = n + -32. List the prime factors of h.
3, 5, 7
Let m(t) = 6*t**2 - 30*t - 34. List the prime factors of m(14).
2, 19
Let p = 199 + 54. List the prime factors of p.
11, 23
Suppose 13 = -3*l - 4*j - j, -3*j = -4*l + 31. Suppose -x - 5 = 4*r - 2, l*r + 9 = -3*x. What are the prime factors of (-20)/x*36/30?
2
Let r be (-2)/4 + 7/(-2). Let g be (-4)/8*50 - r. List the prime factors of (-156)/(-9)*g/(-14).
2, 13
What are the prime factors of 15/3 + 5887/(2 - -5)?
2, 3, 47
Let p = 2 + -14. Suppose -6 = -3*n + 4*n. What are the prime factors of (n/p)/((-1)/(-10))?
5
Suppose 21*s + 30*s - 28305 = 0. List the prime factors of s.
3, 5, 37
Let k be (-18)/(-27)*(11 + 1). Let u(o) = 7*o - 4. What are the prime factors of u(k)?
2, 13
List the prime factors of (-10 - -12)*1309/2 + -2.
1307
Suppose i + 12 = 97. Let a = i + -47. List the prime factors of a.
2, 19
Let b = -35 + 1721. What are the prime factors of b?
2, 3, 281
List the prime factors of 778 + 6 - (-3)/(-3)*-1.
5, 157
Suppose -3*p - 4*l = 22, 2*l - 5 - 5 = 2*p. Let f(m) = m**2 + 2. What are the prime factors of f(p)?
2, 19
Suppose 0 = -3*u + i + 7, -10*u + 2*i - 6 = -14*u. Suppose u*y - 402 = -5*b, -2*b = y - 0*y - 199. List the prime factors of y.
191
Let c(b) = 5*b**3 - 5*b**2 + 4*b - 8. List the prime factors of c(5).
2
What are the prime factors of -21 + 26 - (-3239 - (0 - 1))?
3, 23, 47
List the prime factors of 21300/(-15)*1/3*-3.
2, 5, 71
List the prime factors of 1 - ((-90605)/20 + (-1)/(-4)).
23, 197
Suppose -3*n + 6 = -2*n. Let s be 1/(15/n + -2). Suppose -24 = -s*w + w. What are the prime factors of w?
2, 3
Let h = -30 - -97. Let v = -24 + h. Suppose -2*o = -5*z - o + v, -17 = -z + 3*o. List the prime factors of z.
2
Let q(f) = -25 - 3*f - 10*f + 15*f. What are the prime factors of q(16)?
7
Suppose 0 = k - 3*k + 662. What are the prime factors of k?
331
Let j = 39 - 36. Suppose j*s + 12 - 225 = 0. What are the prime factors of s?
71
Let o(h) = h**3 + 8*h**2 + 4*h + 17. Let t be o(-7). Suppose p - 7 = t. What are the prime factors of p?
3, 5
Let h(i) = -i - 5. Let n be h(-7). Suppose -y = -q - n, 0 = 3*y + q - 2 - 12. Suppose -195 + 71 = -y*x. List the prime factors of x.
31
Let w(t) be the second derivative of t**4 + 4*t**3/3 - 8*t**2 - 11*t. What are the prime factors of w(3)?
2, 29
Let s(b) = -74 + 20 - 6*b**2 + 9*b + 16 + 15 + b**3 + 16. Suppose -4*m + 30 = m. List the prime factors of s(m).
47
Suppose -4*q - q + 580 = 0. Let c(a) = -a + 18. Let k be c(10). Suppose k*o = 4*o + q. What are the prime factors of o?
29
Suppose -2*m = -3*c - 1597, 10*m = 15*m - c - 3986. List the prime factors of m.
797
Let w = 26 + -50. List the prime factors of (-84)/w*(-116)/(-7).
2, 29
Let p = -119 - -49. What are the prime factors of (-8526)/p + 1/5?
2, 61
Let s be 47/5 - 4/10. Let t = 51 - s. Suppose -2*o = -3*o + t. List the prime factors of o.
2, 3, 7
Suppose 44 = 11*k - 0*k. Suppose -5*o - 4*u + 40 = 0, k*u - 1 = 2*o - 17. What are the prime factors of o?
2
Let b(i) = -6. Let p(z) = z. Let v(n) = b(n) - 12*p(n). What are the prime factors of v(-6)?
2, 3, 11
Suppose -71 - 25 = -16*d. List the prime factors of d.
2, 3
Let b be 6/12 + 837/6. Suppose 4*c - b = 2*c. List the prime factors of c.
2, 5, 7
Let c(v) = -v**2 + 2*v + 1. Let l be c(2). Let m = -584 + 581. What are the prime factors of 198/6 - l*m?
2, 3
Suppose -2*w = -358 - 220. Suppose 0 = 4*b - 5*x - 60 - 356, w = 3*b + 2*x. What are the prime factors of b?
3, 11
Let s(r) = 3*r**2 + 34*r - 25. List the prime factors of s(-25).
2, 5
Let q(j) = -j**3 - 43*j**2 - 100*j + 59. List the prime factors of q(-41).
797
Let v(t) = -t**3 - 10*t**2 + 13*t - 28. What are the prime factors of v(-12)?
2, 13
Let a(q) = 52*q + 4. What are the prime factors of a(5)?
2, 3, 11
Let w = 17 + -17. Suppose 0 = -w*j - 2*j + 124. Let u = -38 + j. What are the prime factors of u?
2, 3
Suppose 179452 = 43*s + 15*s. List the prime factors of s.
2, 7, 13, 17
Let l be -1 + (-2)/(-4 + 2). Suppose -3*g + 124 + 2 = l. Suppose 2*d = -0*d + g. List the prime factors of d.
3, 7
Let a(y) = -82*y - 67. What are the prime factors of a(-2)?
97
Let w = 157 + 198. Let o = w + -245. What are the prime factors of o?
2, 5, 11
Let g = 2803 - 1421. List the prime factors of g.
2, 691
Suppose 4*o + 3 + 1 = 0, -3*y + 5*o + 2 = 0. Let c be (-5)/(10/(-8)) + y. Suppose -4*m + a = -132, a - c*a - 60 = -2*m. What are the prime factors of m?
2, 17
Suppose 5*t - 4*t + 5 = 0. Let m(l) = -l**3 - 4*l**2 + 2*l - 6. List the prime factors of m(t).
3
Suppose -624 = -0*k - 4*k. Let d = -5 - -9. Suppose 7*r = d*r + k. List the prime factors of r.
2, 13
Let q = 128 - 92. Let c = 293 + q. What are the prime factors of c?
7, 47
Let k = -45 + 45. Suppose 654 = 6*r - k*r. List the prime factors of r.
109
What are the prime factors of ((-28)/6)/7*(-262 - 2)?
2, 11
Let k(r) = 33*r**2 - 72*r - 80. What are the prime factors of k(-12)?
2, 173
Let k = -150 + 279. List the prime factors of k.
3, 43
Let w be (-21)/7 - -10 - 0/3. Let h be (0 - (-1 + 2)) + 31. Let y = h - w. What are the prime factors of y?
23
Suppose w = -2*i + 1622, -3*i - 2*i + 3244 = 2*w. List the prime factors of w.
2, 811
Suppose -12*z + 335 = -7*z. Suppose -2*s + z = 19. What are the prime factors of s?
2, 3
Suppose -22*y + 11880 = -11*y. What are the prime factors of y?
2, 3, 5
Let q = -83 + 94. Let d = q + 135. List the prime factors of d.
2, 73
Suppose 2*a + 712 = -692. List the prime factors of (8/(-12))/(12/a).
3, 13
Suppose -91*c + 202740 = 33*c. What are the prime factors of c?
3, 5, 109
Let o(b) = 144*b**2 + 41*b + 110. What are the prime factors of o(-3)?
1283
Let s = -59 - 169. Let m = -59 - s. What are the prime factors of m?
13
Let w(r) = -8*r + 41. Let m(s) = -5*s**2 + 4*s - 5. Let v be m(2). List the prime factors of w(v).
3, 59
Suppose -4*a = -3*v + 2363, -10*v - 1570 = -12*v + 4*a. What are the prime factors of v?
13, 61
Let a be (12/(-5))/((-18)/(-225)). List the prime factors of ((-56)/5)/(4/a).
2, 3, 7
Let u be (-40)/(-16)*(1 + 1). Let r(p) = 2*p**3 - 2*p**2 - p - 1. List the prime factors of r(u).
2, 97
Let a = -474 + 488. List the prime factors of a.
2, 7
Let m = -480 - -720. What are the prime factors of m?
2, 3, 5
Suppose -14*f + 17148 = -422. What are the prime factors of f?
5, 251
Suppose 5*d - 160 = -f + 6*f, 2*f = 10. Let b = d + -26. List the prime factors of b.
11
Suppose -3*c + 6*c - 3*w = 135, -1 = w. Suppose -c = -5*y + 4*y. What are the prime factors of y?
2, 11
Suppose 0 = -r + f + 58, 2*r = 6*r + 2*f - 232. Suppose 0 = -5*h + 6 + 29. Suppose -h = d - r. What are the prime factors of d?
3, 17
Suppose 38477 = 13*h - 6087. What are the prime factors of h?
2, 857
Suppose 357 = -42*x + 35*x. Suppose 3*f + 11 = -88. Let d = f - x. List the prime factors of d.
2, 3
Suppose -c + 12 = 3*c. Suppose c*g - 133 = 4*p, -g + 79 = 5*p + 3. What are the prime factors of g?
3, 17
Let l(j) = -14*j - 141. What are the prime factors of l(-27)?
3, 79
Suppose b - l - 193 = 0, -4*l - 396 = -4*b + 2*b. What are the prime factors of b?
2, 47
Let a = -1 + 3. Let l be (2/(-4))/((-5)/230). Suppose l = a*f + 5*o, 2*f - 57 = 3*o - 10. What are the prime factors of f?
19
Let k be 23/4 + (-15)/20. Suppose k*l + 181 = 626. List the prime factors of l.
89
Let i(q) = q**2 + 2*q - 8. Let g be i(-4). Let r = -7 - -33. Suppose -3*b - 2*d + 3*d + 71 = g, 2*d = -b + r. List the prime factors of b.
2, 3
Suppose -10*q = 2*g - 9*q - 1147, 0 = 3*g + 3*q - 